{"id":946,"date":"2023-08-27T13:43:07","date_gmt":"2023-08-27T13:43:07","guid":{"rendered":"https:\/\/cch.um6p.ma\/?page_id=946"},"modified":"2023-09-11T16:31:17","modified_gmt":"2023-09-11T16:31:17","slug":"david-chavalarias-voici-comment-les-infrastructures-numeriques-peuvent-manipuler-nos-opinions","status":"publish","type":"page","link":"https:\/\/cch.um6p.ma\/?page_id=946","title":{"rendered":"David Chavalarias: comment les donn\u00e9es num\u00e9riques peuvent manipuler nos opinions"},"content":{"rendered":"<figure class=\"figure-heading-post\"><\/figure>\n<div class=\"article-content\">\n<p style=\"text-align: justify;\"><span class=\"author\">Hesspress, Zaina Jnina <\/span><span class=\"date-post\">mardi 21 f\u00e9vrier 2023&nbsp;&nbsp;<br \/>\n<a href=\"https:\/\/fr.hespress.com\/302661-voici-comment-les-infrastructures-numeriques-peuvent-manipuler-nos-opinions.html\">https:\/\/fr.hespress.com\/302661-voici-comment-les-infrastructures-numeriques-peuvent-manipuler-nos-opinions.html<\/a>&nbsp;<br \/>\n<\/span><\/p>\n<p>Les infrastructures num\u00e9riques peuvent manipuler des mouvements d\u2019opinion et mettre en p\u00e9ril des d\u00e9mocraties si les pays n\u2019arrivent pas \u00e0 mieux \u00e0 les r\u00e9guler. C\u2019est ce qu\u2019a affirm\u00e9 le math\u00e9maticien et \u00e9crivain fran\u00e7ais, David Chavalarias, en marge de la 3e \u00e9dition de la Semaine de la Science lanc\u00e9e, ce lundi, \u00e0 l\u2019Universit\u00e9 Mohammed VI Polytechnique (UM6P) de Benguerir.<\/p>\n<p style=\"text-align: justify;\">Intervenant lors d\u2019une table ronde portant sur la probl\u00e9matique \u00ab&nbsp;Toxic Data comment les r\u00e9seaux sociaux manipulent nos opinions ?&nbsp;\u00bb, David Chavalarias, directeur de recherche au CNRS (Institut des syst\u00e8mes complexes Paris), d\u00e9voile le c\u00f4t\u00e9 obscure des infrastructures num\u00e9riques, notamment les r\u00e9seaux sociaux.<\/p>\n<p style=\"text-align: justify;\">Le math\u00e9maticien fran\u00e7ais a expliqu\u00e9, dans une d\u00e9claration \u00e0 Hespress FR, que ses recherches portent notamment sur la question de \u00ab&nbsp;<em>savoir en quoi les infrastructures num\u00e9riques que l\u2019on utilise tous, Facebook, Twitter et Youtube, entre autres, vont contraindre \u00e0 la fois la circulation de l\u2019information dans la population, mais m\u00eame la mani\u00e8re dont nous formons des groupes sociaux, des amis, et dont nous estimons que les gens d\u2019en face sont des interlocuteurs ou des ennemis \u00e0 battre<\/em>\u00ab&nbsp;.<\/p>\n<div id=\"div-gpt-ad-1608049251753-0\" data-google-query-id=\"CIbw1JX5_IADFW1RHQkdolQC7w\">\n<div id=\"google_ads_iframe_\/153418548\/pave_article_mobile_hespress_fr_0__container__\"><img loading=\"lazy\" decoding=\"async\" class=\"attachment-medium wp-post-image alignnone\" src=\"https:\/\/fr.hespress.com\/wp-content\/uploads\/2023\/02\/UM6P-1.jpg\" sizes=\"auto, ( max-width : 100px ) 100px ,( max-width : 200px ) 200px ,( max-width : 300px ) 300px ,( max-width : 400px ) 400px ,( max-width : 500px ) 500px ,800px\" srcset=\"https:\/\/fr.hespress.com\/wp-content\/uploads\/2023\/02\/UM6P-1-768x512.jpg 768w, https:\/\/fr.hespress.com\/wp-content\/uploads\/resize\/100\/2023\/02\/UM6P-1.jpg 100w, https:\/\/fr.hespress.com\/wp-content\/uploads\/resize\/200\/2023\/02\/UM6P-1.jpg 200w, https:\/\/fr.hespress.com\/wp-content\/uploads\/resize\/300\/2023\/02\/UM6P-1.jpg 300w, https:\/\/fr.hespress.com\/wp-content\/uploads\/resize\/400\/2023\/02\/UM6P-1.jpg 400w, https:\/\/fr.hespress.com\/wp-content\/uploads\/resize\/500\/2023\/02\/UM6P-1.jpg 500w, https:\/\/fr.hespress.com\/wp-content\/uploads\/2023\/02\/UM6P-1.jpg 800w\" alt=\"Voici comment les infrastructures num\u00e9riques peuvent manipuler nos opinions\" width=\"800\" height=\"533\"><\/div>\n<\/div>\n<p style=\"text-align: justify;\">Chavalarias indique notamment que ses recherches montrent que la mani\u00e8re dont sont d\u00e9ploy\u00e9s ces infrastructures num\u00e9riques sont incompatibles, \u00e0 l\u2019heure actuelle, avec les interactions sociales sereines, et tout simplement la d\u00e9mocratie. Il poursuit: \u00ab&nbsp;<em>Parce que ce sont des environnements qui sont actifs et vont orchestrer la r\u00e9gulation de l\u2019information d\u2019une mani\u00e8re qui optimise le bien-\u00eatre \u00e9conomique et non un bien \u00eatre social<\/em>\u00ab&nbsp;.<\/p>\n<p style=\"text-align: justify;\">Selon le directeur de recherche, ces derniers d\u00e9forment la circulation de l\u2019information et la mani\u00e8re dont \u00ab&nbsp;<em>on forme des groupes sociaux et on le voit bien autant aux Etats-Unis, en Angleterre, au Br\u00e9sil, en Italie, il y a de plus en plus d\u2019hostilit\u00e9 entre les factions politiques qui se consid\u00e8rent comme des ennemis<\/em>\u00ab&nbsp;.<\/p>\n<p style=\"text-align: justify;\">Il fait savoir que ces infrastructures num\u00e9riques vont mod\u00e9rer la mani\u00e8re dont \u00ab&nbsp;<em>on veut former ces groupes, qui vont en gros s\u2019attaquer les uns les autres. Si on continue de cette mani\u00e8re, on va perdre toutes les structures sociales b\u00e9n\u00e9fiques, notamment en d\u00e9mocratie<\/em>\u00ab&nbsp;.<\/p>\n<p style=\"text-align: justify;\">\u00ab&nbsp;<em>Ce qu\u2019il faut bien comprendre aussi est que cette situation est exploit\u00e9e dans le cadre de guerres hybrides par des Etats comme par exemple le Kremlin qui a d\u00e9ploy\u00e9 en ligne des arm\u00e9es num\u00e9riques pour faire de la subversion dans les pays ennemis. Ce n\u2019est pas le seul (exemple), bien \u00e9videmment, mais il est ma\u00eetre en la mati\u00e8re<\/em>\u00ab&nbsp;, note notre interlocuteur.<\/p>\n<p style=\"text-align: justify;\">Pour l\u2019\u00e9crivain, il est important de r\u00e9fl\u00e9chir \u00e0 l\u2019impact de ces environnements num\u00e9riques, comment on peut mieux les d\u00e9ployer, mieux les r\u00e9guler, d\u00e9velopper, en \u00e9tant plus souverain dans ce genre d\u2019environnement, \u00e9tant donn\u00e9 que \u00ab&nbsp;<em>des pays entiers seront vraiment \u00e0 la merci d\u2019une manipulation de grande ampleur faite avec des moyens qui sont relativement limit\u00e9s<\/em>\u00ab&nbsp;.<\/p>\n<p style=\"text-align: justify;\">Il souligne, en ce sens, qu\u2019il s\u2019agit de toute la r\u00e9flexion de son intervention \u00ab&nbsp;<em>o\u00f9 les syst\u00e8mes complexes sont hyper centraux et importants parce qu\u2019il s\u2019agit vraiment de comprendre comment les actions individuelles en cinq r\u00e9gions, via des m\u00e9dias num\u00e9riques, vont construire les actions collectives et notamment comment l\u2019infrastructure sociale et relationnelle influe sur ce que va produire le collectif<\/em>\u00ab&nbsp;.<\/p>\n<\/div>\n","protected":false},"excerpt":{"rendered":"<p>Hesspress, Zaina Jnina mardi 21 f\u00e9vrier 2023&nbsp;&nbsp; https:\/\/fr.hespress.com\/302661-voici-comment-les-infrastructures-numeriques-peuvent-manipuler-nos-opinions.html&nbsp; Les infrastructures num\u00e9riques peuvent manipuler des mouvements d\u2019opinion et mettre en p\u00e9ril des d\u00e9mocraties si les pays n\u2019arrivent pas \u00e0 mieux \u00e0 les r\u00e9guler. C\u2019est ce qu\u2019a affirm\u00e9 le math\u00e9maticien et \u00e9crivain fran\u00e7ais, David Chavalarias, en marge de la 3e \u00e9dition de\u2026 <a class=\"continue-reading-link\" href=\"https:\/\/cch.um6p.ma\/?page_id=946\">Lire plus \/ Read more<\/a><\/p>\n","protected":false},"author":1,"featured_media":931,"parent":1952,"menu_order":13,"comment_status":"closed","ping_status":"closed","template":"","meta":{"om_disable_all_campaigns":false,"_monsterinsights_skip_tracking":false,"_monsterinsights_sitenote_active":false,"_monsterinsights_sitenote_note":"","_monsterinsights_sitenote_category":0,"ngg_post_thumbnail":0,"footnotes":""},"categories":[35,147,67],"tags":[94,156,95],"class_list":["post-946","page","type-page","status-publish","has-post-thumbnail","hentry","category-complexite","category-humanites-numeriques","category-news-media","tag-david-chavalarias","tag-donnees","tag-reseaux-sociaux"],"aioseo_notices":[],"_links":{"self":[{"href":"https:\/\/cch.um6p.ma\/index.php?rest_route=\/wp\/v2\/pages\/946","targetHints":{"allow":["GET"]}}],"collection":[{"href":"https:\/\/cch.um6p.ma\/index.php?rest_route=\/wp\/v2\/pages"}],"about":[{"href":"https:\/\/cch.um6p.ma\/index.php?rest_route=\/wp\/v2\/types\/page"}],"author":[{"embeddable":true,"href":"https:\/\/cch.um6p.ma\/index.php?rest_route=\/wp\/v2\/users\/1"}],"replies":[{"embeddable":true,"href":"https:\/\/cch.um6p.ma\/index.php?rest_route=%2Fwp%2Fv2%2Fcomments&post=946"}],"version-history":[{"count":3,"href":"https:\/\/cch.um6p.ma\/index.php?rest_route=\/wp\/v2\/pages\/946\/revisions"}],"predecessor-version":[{"id":1118,"href":"https:\/\/cch.um6p.ma\/index.php?rest_route=\/wp\/v2\/pages\/946\/revisions\/1118"}],"up":[{"embeddable":true,"href":"https:\/\/cch.um6p.ma\/index.php?rest_route=\/wp\/v2\/pages\/1952"}],"wp:featuredmedia":[{"embeddable":true,"href":"https:\/\/cch.um6p.ma\/index.php?rest_route=\/wp\/v2\/media\/931"}],"wp:attachment":[{"href":"https:\/\/cch.um6p.ma\/index.php?rest_route=%2Fwp%2Fv2%2Fmedia&parent=946"}],"wp:term":[{"taxonomy":"category","embeddable":true,"href":"https:\/\/cch.um6p.ma\/index.php?rest_route=%2Fwp%2Fv2%2Fcategories&post=946"},{"taxonomy":"post_tag","embeddable":true,"href":"https:\/\/cch.um6p.ma\/index.php?rest_route=%2Fwp%2Fv2%2Ftags&post=946"}],"curies":[{"name":"wp","href":"https:\/\/api.w.org\/{rel}","templated":true}]}}