{"id":3505,"date":"2026-04-08T18:58:49","date_gmt":"2026-04-08T18:58:49","guid":{"rendered":"https:\/\/cch.um6p.ma\/?page_id=3505"},"modified":"2026-04-08T19:09:51","modified_gmt":"2026-04-08T19:09:51","slug":"science-week-2026-connaissance-tacite","status":"publish","type":"page","link":"https:\/\/cch.um6p.ma\/?page_id=3505","title":{"rendered":"Science Week 2026 &#8211; Connaissance tacite"},"content":{"rendered":"<div>\n<p class=\"font-claude-response-body break-words whitespace-normal leading-[1.7]\"><span style=\"font-size: 21px;\"><b>Connaissance tacite<\/b><\/span><\/p>\n<p><em>Des fondements scientifiques aux enjeux africains<\/em><\/p>\n<\/div>\n<p>Mardi 31 mars | 14h00 \u2013 16h00<\/p>\n<div>&nbsp;<\/div>\n<div><img loading=\"lazy\" decoding=\"async\" class=\"aligncenter  wp-image-3483\" src=\"https:\/\/cch.um6p.ma\/wp-content\/uploads\/2026\/03\/Poster-Connaissance-Tacite-Final-300x169.png\" alt=\"\" width=\"607\" height=\"342\" srcset=\"https:\/\/cch.um6p.ma\/wp-content\/uploads\/2026\/03\/Poster-Connaissance-Tacite-Final-300x169.png 300w, https:\/\/cch.um6p.ma\/wp-content\/uploads\/2026\/03\/Poster-Connaissance-Tacite-Final-768x432.png 768w, https:\/\/cch.um6p.ma\/wp-content\/uploads\/2026\/03\/Poster-Connaissance-Tacite-Final-250x141.png 250w, https:\/\/cch.um6p.ma\/wp-content\/uploads\/2026\/03\/Poster-Connaissance-Tacite-Final-150x84.png 150w, https:\/\/cch.um6p.ma\/wp-content\/uploads\/2026\/03\/Poster-Connaissance-Tacite-Final.png 961w\" sizes=\"auto, (max-width: 607px) 100vw, 607px\" \/><\/div>\n<div>&nbsp;<\/div>\n<div>\n<div data-olk-copy-source=\"MessageBody\">\u00ab&nbsp;Nous savons plus ce que nous pouvons dire \u00bb, c\u2019est ainsi que fut formul\u00e9e pour la premi\u00e8re fois en 1966 la notion de connaissance tacite par le m\u00e9decin,&nbsp;chimiste, philosophe et \u00e9conomiste hongrois,&nbsp;Michael Polanyi.&nbsp; Ordinairement, la connaissance, qui plus est, la connaissance scientifique, renvoie \u00e0 ce que nous ma\u00eetrisons comme proc\u00e9dures et dont nous pouvons pr\u00e9voir les r\u00e9sultats et l\u2019application dans la vie r\u00e9elle. Mais il est une autre connaissance, implicite et non moins active, qui se loge, entre autres, dans la tradition scientifique, notre \u00e9ducation, nos croyances, nos repr\u00e9sentations et nos opinions. Cette connaissance se d\u00e9ploie dans la plupart de nos actes producteurs de sens, en dehors de toute codification formelle, et s\u2019appuie sur ce que nous observons, imitons et accomplissons. C&#8217;est ce que nous proposons d&#8217;explorer en contexte culturel marocain et africain.<\/div>\n<div data-olk-copy-source=\"MessageBody\">&nbsp;<\/div>\n<div>Cette session a explor\u00e9 la notion de connaissance tacite \u00e0 travers un <b>expos\u00e9 introductif d&#8217;Emmanuel Malolo Dissak\u00e8<\/b>, suivi d\u2019une table ronde et d\u2019une discussion ouverte avec le public.<\/div>\n<div>&nbsp;<\/div>\n<div><b>Intervenants<\/b><\/div>\n<ul data-editing-info=\"{&quot;unorderedStyleType&quot;:2}\">\n<li><b>Emmanuel Malolo Dissak\u00e8<\/b>, professeur de philosophie \u00e0 l&#8217;universit\u00e9 de Douala, Cameroun, est auteur de plusieurs ouvrages, traducteur de Karl Popper et Paul Feyerabend. Il enseigne depuis 30 ans l&#8217;histoire et la philosophie des&nbsp;<span class=\"markma5qqgnyj\" data-markjs=\"true\" data-ogac=\"\" data-ogab=\"\" data-ogsc=\"\" data-ogsb=\"\">science<\/span>s et des techniques.<\/li>\n<li><b>Housni Zbaghdi<\/b>, directrice de la Maison de la Philosophie\/Maroc qui anime des ateliers de philosophie sur le terrain (dans les \u00e9coles, les prisons, les orphelinats et les entreprises).<\/li>\n<li><b>Fadoua Mhidia<\/b>, est docteure en&nbsp;<span class=\"markma5qqgnyj\" data-markjs=\"true\" data-ogac=\"\" data-ogab=\"\" data-ogsc=\"\" data-ogsb=\"\">science<\/span>s sociales, dipl\u00f4m\u00e9e de l\u2019EGE et de l\u2019Universit\u00e9 Internationale de Rabat.<\/li>\n<li>\n<div role=\"presentation\"><b>Reda Benkirane<\/b>, professeur titulaire affili\u00e9, Chaire Complexit\u00e9s \u221e Humanit\u00e9s (ABS\/UM6P), traitera de la connaissance tacite dans le cas de la g\u00e9n\u00e9ration Z.<\/div>\n<\/li>\n<\/ul>\n<div>Mod\u00e9rateur :&nbsp;<b>Nicolas Sperry-Guillou<\/b>, directeur du programme &#8220;Edge Dynamics&#8221;, Chaire Complexit\u00e9s \u221e Humanit\u00e9s.<\/div>\n<\/div>\n","protected":false},"excerpt":{"rendered":"<p>Connaissance tacite Des fondements scientifiques aux enjeux africains Mardi 31 mars | 14h00 \u2013 16h00 &nbsp; &nbsp; \u00ab&nbsp;Nous savons plus ce que nous pouvons dire \u00bb, c\u2019est ainsi que fut formul\u00e9e pour la premi\u00e8re fois en 1966 la notion de connaissance tacite par le m\u00e9decin,&nbsp;chimiste, philosophe et \u00e9conomiste hongrois,&nbsp;Michael Polanyi.&nbsp;\u2026 <a class=\"continue-reading-link\" href=\"https:\/\/cch.um6p.ma\/?page_id=3505\">Lire plus \/ Read more<\/a><\/p>\n","protected":false},"author":1,"featured_media":0,"parent":0,"menu_order":0,"comment_status":"closed","ping_status":"closed","template":"","meta":{"om_disable_all_campaigns":false,"_monsterinsights_skip_tracking":false,"_monsterinsights_sitenote_active":false,"_monsterinsights_sitenote_note":"","_monsterinsights_sitenote_category":0,"ngg_post_thumbnail":0,"footnotes":""},"categories":[],"tags":[],"class_list":["post-3505","page","type-page","status-publish","hentry"],"aioseo_notices":[],"_links":{"self":[{"href":"https:\/\/cch.um6p.ma\/index.php?rest_route=\/wp\/v2\/pages\/3505","targetHints":{"allow":["GET"]}}],"collection":[{"href":"https:\/\/cch.um6p.ma\/index.php?rest_route=\/wp\/v2\/pages"}],"about":[{"href":"https:\/\/cch.um6p.ma\/index.php?rest_route=\/wp\/v2\/types\/page"}],"author":[{"embeddable":true,"href":"https:\/\/cch.um6p.ma\/index.php?rest_route=\/wp\/v2\/users\/1"}],"replies":[{"embeddable":true,"href":"https:\/\/cch.um6p.ma\/index.php?rest_route=%2Fwp%2Fv2%2Fcomments&post=3505"}],"version-history":[{"count":6,"href":"https:\/\/cch.um6p.ma\/index.php?rest_route=\/wp\/v2\/pages\/3505\/revisions"}],"predecessor-version":[{"id":3517,"href":"https:\/\/cch.um6p.ma\/index.php?rest_route=\/wp\/v2\/pages\/3505\/revisions\/3517"}],"wp:attachment":[{"href":"https:\/\/cch.um6p.ma\/index.php?rest_route=%2Fwp%2Fv2%2Fmedia&parent=3505"}],"wp:term":[{"taxonomy":"category","embeddable":true,"href":"https:\/\/cch.um6p.ma\/index.php?rest_route=%2Fwp%2Fv2%2Fcategories&post=3505"},{"taxonomy":"post_tag","embeddable":true,"href":"https:\/\/cch.um6p.ma\/index.php?rest_route=%2Fwp%2Fv2%2Ftags&post=3505"}],"curies":[{"name":"wp","href":"https:\/\/api.w.org\/{rel}","templated":true}]}}