{"id":3133,"date":"2024-11-24T21:33:54","date_gmt":"2024-11-24T21:33:54","guid":{"rendered":"https:\/\/cch.um6p.ma\/?page_id=3133"},"modified":"2024-11-29T14:30:29","modified_gmt":"2024-11-29T14:30:29","slug":"world-conference-on-complex-systems-2024","status":"publish","type":"page","link":"https:\/\/cch.um6p.ma\/?page_id=3133","title":{"rendered":"World Conference on Complex Systems &#8211; 2024"},"content":{"rendered":"<p><img loading=\"lazy\" decoding=\"async\" class=\"wp-image-3141 alignright\" src=\"https:\/\/cch.um6p.ma\/wp-content\/uploads\/2024\/11\/Capture-decran-2024-11-24-215502-210x300.jpg\" alt=\"\" width=\"300\" height=\"428\" srcset=\"https:\/\/cch.um6p.ma\/wp-content\/uploads\/2024\/11\/Capture-decran-2024-11-24-215502-210x300.jpg 210w, https:\/\/cch.um6p.ma\/wp-content\/uploads\/2024\/11\/Capture-decran-2024-11-24-215502-105x150.jpg 105w, https:\/\/cch.um6p.ma\/wp-content\/uploads\/2024\/11\/Capture-decran-2024-11-24-215502.jpg 532w\" sizes=\"auto, (max-width: 300px) 100vw, 300px\" \/><\/p>\n<p><strong>World Conference on Complex Systems, 5th edition, November 11-14, 2024<\/strong><\/p>\n<p>The Chair of Complexities \u221e Humanities had the pleasure of being a leading partner and sponsor of the<a href=\"https:\/\/mscomplexsystems.org\/wccs24\/\" target=\"_blank\" rel=\"noopener\"> World Conference on Complex Systems<\/a> (WCCS),&nbsp; which took place from November 11 to 14 in Mohammedia, Morocco.<\/p>\n<p>The Moroccan Society of Interdisciplinary Sciences organized the WCCS&#8217;s 5th edition in partnership with the IEEE Technology and Engineering Management Society (TEMS), the International Federation for Systems Research (IFSR), and the International Academy for Systems and Cybernetic Sciences (IASCYS).<\/p>\n<p>The conference provides &#8220;an international forum for researchers and Ph.D. students to present recent research results, address new challenges, and discuss emerging trends in complex systems and interdisciplinary science. It aims to foster a debate on the most relevant methodologies and approaches for understanding, modeling, simulating, predicting, evaluating, and mastering societal, ecological, biological, and engineered complex systems.\u201d<\/p>\n<p>See the WCCS full program <a title=\"WCCS conference program\" href=\"https:\/\/cch.um6p.ma\/wp-content\/uploads\/2024\/11\/conference-programWCCS_compressed.pdf\" target=\"_blank\" rel=\"noopener\">here<\/a><\/p>\n<hr>\n<p><strong>Opening Keynote Speech<\/strong><\/p>\n<p><strong>Reda Benkirane, &#8220;Complexity in the 21st Century: From the Limits of Growth to the Growth of Limits&#8221;<\/strong><\/p>\n<p>Reda Benkirane, the Chair holder, delivered the opening keynote speech titled &#8220;Complexity in the 21st Century: From the Limits of Growth to the Growth of Limits.&#8221;<\/p>\n<p><iframe loading=\"lazy\" title=\"YouTube video player\" src=\"\/\/www.youtube.com\/embed\/Q4HtgGyFfJo\" width=\"280\" height=\"158\" frameborder=\"0\" allowfullscreen=\"allowfullscreen\"><\/iframe><\/p>\n<hr>\n<p><strong>Chair of Complexities \u221e Humanities Session<\/strong><\/p>\n<p>We also organized a special session on Tuesday, November 12th, featuring world-renowned complexity scientists Herv\u00e9 Zwrin, Gregory Chaitin, Jean-Paul Delahaye, and Hugues Bersini.<\/p>\n<p><strong>Herv\u00e9 Zwirn, D\u00e9terminisme et pr\u00e9dictibilit\u00e9<\/strong><\/p>\n<p><iframe loading=\"lazy\" src=\"\/\/www.youtube.com\/embed\/TQcGA6qfJaY\" width=\"280\" height=\"157\" allowfullscreen=\"allowfullscreen\"><\/iframe><\/p>\n<p><strong>Gregory Chaitin, Von Neumann on Biology and Life as Evolving Software<\/strong><\/p>\n<p><iframe loading=\"lazy\" src=\"\/\/www.youtube.com\/embed\/W0YjaOmAjF8\" width=\"280\" height=\"157\" allowfullscreen=\"allowfullscreen\"><\/iframe><\/p>\n<p><strong>Jean-Paul Delahaye, La complexit\u00e9 de Chaitin-Kolmogorov et la profondeur logique de Bennett<\/strong><\/p>\n<p><iframe loading=\"lazy\" src=\"\/\/www.youtube.com\/embed\/V72b3N87FzQ\" width=\"280\" height=\"157\" allowfullscreen=\"allowfullscreen\"><\/iframe><\/p>\n<p><strong>Hugues Bersini, Algocracy and Public Services<\/strong><\/p>\n<p><iframe loading=\"lazy\" src=\"\/\/www.youtube.com\/embed\/OIlitKX8aT0\" width=\"280\" height=\"157\" allowfullscreen=\"allowfullscreen\"><\/iframe><\/p>\n","protected":false},"excerpt":{"rendered":"<p>World Conference on Complex Systems, 5th edition, November 11-14, 2024 The Chair of Complexities \u221e Humanities had the pleasure of being a leading partner and sponsor of the World Conference on Complex Systems (WCCS),&nbsp; which took place from November 11 to 14 in Mohammedia, Morocco. The Moroccan Society of Interdisciplinary\u2026 <a class=\"continue-reading-link\" href=\"https:\/\/cch.um6p.ma\/?page_id=3133\">Lire plus \/ Read more<\/a><\/p>\n","protected":false},"author":1,"featured_media":0,"parent":1615,"menu_order":0,"comment_status":"closed","ping_status":"closed","template":"","meta":{"om_disable_all_campaigns":false,"_monsterinsights_skip_tracking":false,"_monsterinsights_sitenote_active":false,"_monsterinsights_sitenote_note":"","_monsterinsights_sitenote_category":0,"ngg_post_thumbnail":0,"footnotes":""},"categories":[],"tags":[],"class_list":["post-3133","page","type-page","status-publish","hentry"],"aioseo_notices":[],"_links":{"self":[{"href":"https:\/\/cch.um6p.ma\/index.php?rest_route=\/wp\/v2\/pages\/3133","targetHints":{"allow":["GET"]}}],"collection":[{"href":"https:\/\/cch.um6p.ma\/index.php?rest_route=\/wp\/v2\/pages"}],"about":[{"href":"https:\/\/cch.um6p.ma\/index.php?rest_route=\/wp\/v2\/types\/page"}],"author":[{"embeddable":true,"href":"https:\/\/cch.um6p.ma\/index.php?rest_route=\/wp\/v2\/users\/1"}],"replies":[{"embeddable":true,"href":"https:\/\/cch.um6p.ma\/index.php?rest_route=%2Fwp%2Fv2%2Fcomments&post=3133"}],"version-history":[{"count":12,"href":"https:\/\/cch.um6p.ma\/index.php?rest_route=\/wp\/v2\/pages\/3133\/revisions"}],"predecessor-version":[{"id":3254,"href":"https:\/\/cch.um6p.ma\/index.php?rest_route=\/wp\/v2\/pages\/3133\/revisions\/3254"}],"up":[{"embeddable":true,"href":"https:\/\/cch.um6p.ma\/index.php?rest_route=\/wp\/v2\/pages\/1615"}],"wp:attachment":[{"href":"https:\/\/cch.um6p.ma\/index.php?rest_route=%2Fwp%2Fv2%2Fmedia&parent=3133"}],"wp:term":[{"taxonomy":"category","embeddable":true,"href":"https:\/\/cch.um6p.ma\/index.php?rest_route=%2Fwp%2Fv2%2Fcategories&post=3133"},{"taxonomy":"post_tag","embeddable":true,"href":"https:\/\/cch.um6p.ma\/index.php?rest_route=%2Fwp%2Fv2%2Ftags&post=3133"}],"curies":[{"name":"wp","href":"https:\/\/api.w.org\/{rel}","templated":true}]}}