{"id":1940,"date":"2023-09-11T16:10:55","date_gmt":"2023-09-11T16:10:55","guid":{"rendered":"https:\/\/cch.um6p.ma\/?page_id=1940"},"modified":"2023-09-23T17:29:53","modified_gmt":"2023-09-23T17:29:53","slug":"digital-humanities","status":"publish","type":"page","link":"https:\/\/cch.um6p.ma\/?page_id=1940","title":{"rendered":"Digital Humanities"},"content":{"rendered":"<div id=\"attachment_2431\" style=\"width: 280px\" class=\"wp-caption alignright\"><a href=\"https:\/\/cch.um6p.ma\/wp-content\/uploads\/2023\/09\/On_The_Road_Placebo_Studio_ABS.jpg\"><img loading=\"lazy\" decoding=\"async\" aria-describedby=\"caption-attachment-2431\" class=\"wp-image-2431\" title=\"On the Road, Sico, 2023. Mixed Media on Canvas, 180 cm x 120 cm. Africa Business School Private Collection - Curated by Placebo Studio\" src=\"https:\/\/cch.um6p.ma\/wp-content\/uploads\/2023\/09\/On_The_Road_Placebo_Studio_ABS.jpg\" alt=\"\" width=\"270\" height=\"180\" srcset=\"https:\/\/cch.um6p.ma\/wp-content\/uploads\/2023\/09\/On_The_Road_Placebo_Studio_ABS.jpg 842w, https:\/\/cch.um6p.ma\/wp-content\/uploads\/2023\/09\/On_The_Road_Placebo_Studio_ABS-300x200.jpg 300w, https:\/\/cch.um6p.ma\/wp-content\/uploads\/2023\/09\/On_The_Road_Placebo_Studio_ABS-768x511.jpg 768w, https:\/\/cch.um6p.ma\/wp-content\/uploads\/2023\/09\/On_The_Road_Placebo_Studio_ABS-226x150.jpg 226w, https:\/\/cch.um6p.ma\/wp-content\/uploads\/2023\/09\/On_The_Road_Placebo_Studio_ABS-150x100.jpg 150w\" sizes=\"auto, (max-width: 270px) 100vw, 270px\" \/><\/a><p id=\"caption-attachment-2431\" class=\"wp-caption-text\"><span style=\"font-size: 10px;\">On the Road, Sico, 2023 \u00a9 ABS<\/span><\/p><\/div>\r\n<ul class=\"wp-block-page-list\"><li class=\"wp-block-pages-list__item\"><a class=\"wp-block-pages-list__item__link\" href=\"https:\/\/cch.um6p.ma\/?page_id=898\">La conversion du religieux au num\u00e9rique. Milad Doueihi<\/a><\/li><li class=\"wp-block-pages-list__item\"><a class=\"wp-block-pages-list__item__link\" href=\"https:\/\/cch.um6p.ma\/?page_id=894\">Pand\u00e9mie : entre \u00c9tats-plateformes et pouvoirs semi-totalitaires. Pierre L\u00e9vy<\/a><\/li><\/ul>\r\n<p>&nbsp;<\/p>","protected":false},"excerpt":{"rendered":"<p>&nbsp; <a class=\"continue-reading-link\" href=\"https:\/\/cch.um6p.ma\/?page_id=1940\">Lire plus \/ Read more<\/a><\/p>\n","protected":false},"author":1,"featured_media":0,"parent":1847,"menu_order":29,"comment_status":"closed","ping_status":"closed","template":"","meta":{"om_disable_all_campaigns":false,"_monsterinsights_skip_tracking":false,"_monsterinsights_sitenote_active":false,"_monsterinsights_sitenote_note":"","_monsterinsights_sitenote_category":0,"ngg_post_thumbnail":0,"footnotes":""},"categories":[],"tags":[],"class_list":["post-1940","page","type-page","status-publish","hentry"],"aioseo_notices":[],"_links":{"self":[{"href":"https:\/\/cch.um6p.ma\/index.php?rest_route=\/wp\/v2\/pages\/1940","targetHints":{"allow":["GET"]}}],"collection":[{"href":"https:\/\/cch.um6p.ma\/index.php?rest_route=\/wp\/v2\/pages"}],"about":[{"href":"https:\/\/cch.um6p.ma\/index.php?rest_route=\/wp\/v2\/types\/page"}],"author":[{"embeddable":true,"href":"https:\/\/cch.um6p.ma\/index.php?rest_route=\/wp\/v2\/users\/1"}],"replies":[{"embeddable":true,"href":"https:\/\/cch.um6p.ma\/index.php?rest_route=%2Fwp%2Fv2%2Fcomments&post=1940"}],"version-history":[{"count":5,"href":"https:\/\/cch.um6p.ma\/index.php?rest_route=\/wp\/v2\/pages\/1940\/revisions"}],"predecessor-version":[{"id":2434,"href":"https:\/\/cch.um6p.ma\/index.php?rest_route=\/wp\/v2\/pages\/1940\/revisions\/2434"}],"up":[{"embeddable":true,"href":"https:\/\/cch.um6p.ma\/index.php?rest_route=\/wp\/v2\/pages\/1847"}],"wp:attachment":[{"href":"https:\/\/cch.um6p.ma\/index.php?rest_route=%2Fwp%2Fv2%2Fmedia&parent=1940"}],"wp:term":[{"taxonomy":"category","embeddable":true,"href":"https:\/\/cch.um6p.ma\/index.php?rest_route=%2Fwp%2Fv2%2Fcategories&post=1940"},{"taxonomy":"post_tag","embeddable":true,"href":"https:\/\/cch.um6p.ma\/index.php?rest_route=%2Fwp%2Fv2%2Ftags&post=1940"}],"curies":[{"name":"wp","href":"https:\/\/api.w.org\/{rel}","templated":true}]}}