{"id":1345,"date":"2023-09-05T10:33:55","date_gmt":"2023-09-05T10:33:55","guid":{"rendered":"https:\/\/cch.um6p.ma\/?page_id=1345"},"modified":"2023-11-22T15:21:05","modified_gmt":"2023-11-22T15:21:05","slug":"edge-dynamics","status":"publish","type":"page","link":"https:\/\/cch.um6p.ma\/?page_id=1345","title":{"rendered":"Edge Dynamics Program"},"content":{"rendered":"<p style=\"text-align: center;\"><strong>Edge Dynamics <\/strong><br \/>\n<strong>Innovations in Mind, Behaviour, and Culture<\/strong><\/p>\n<p style=\"text-align: justify;\"><span style=\"font-weight: 400;\">As part of its activities, the Chair aims to deepen the specifically human and social dimensions of complexity through emulation and implementation of multidisciplinary approaches, transversality, and critical thinking. Our ambition is to support the various stakeholders of UM6P in the context of ongoing transformation and learning processes. The acquisition of &#8220;transdisciplinarity&#8221; tools will reinforce their autonomy and equip them with a humanistic and civic culture.&nbsp;<\/span><\/p>\n<p style=\"text-align: justify;\"><span style=\"font-weight: 400;\">With these goals in mind, we are developing a program to raise awareness of cultural, mental, and behavioural dynamics. <\/span><span style=\"font-weight: 400;\">The multidisciplinary initiative, called <em>Edge Dynamics,<\/em> will encourage students to harness their full physical, psychological, and relational potential. In collaboration with administrators, educators, and researchers working on cross-disciplinary projects related to student life, our educational purpose is to stimulate not only the &#8220;head&#8221; and &#8220;hands&#8221; but also the &#8220;heart&#8221;. Our ambition is to both contribute to existing initiatives and develop new activities that emphasize a specific emerging phenomenon, the <\/span><i><span style=\"font-weight: 400;\">edge effect<\/span><\/i><span style=\"font-weight: 400;\">.<\/span><\/p>\n<p style=\"text-align: justify;\"><img loading=\"lazy\" decoding=\"async\" class=\"wp-image-1351 alignleft\" src=\"https:\/\/cch.um6p.ma\/wp-content\/uploads\/2023\/09\/Edge-Effect-illustration.png\" alt=\"\" width=\"353\" height=\"284\" srcset=\"https:\/\/cch.um6p.ma\/wp-content\/uploads\/2023\/09\/Edge-Effect-illustration.png 487w, https:\/\/cch.um6p.ma\/wp-content\/uploads\/2023\/09\/Edge-Effect-illustration-300x241.png 300w, https:\/\/cch.um6p.ma\/wp-content\/uploads\/2023\/09\/Edge-Effect-illustration-187x150.png 187w, https:\/\/cch.um6p.ma\/wp-content\/uploads\/2023\/09\/Edge-Effect-illustration-150x120.png 150w\" sizes=\"auto, (max-width: 353px) 100vw, 353px\" \/>The <i>edge effect<\/i> is a concept of ecology that illustrates how change and dynamics occur in spaces of transition, borders, thresholds, between different habitats, environments, etc. The edge effect accounts for the multiplicity and richness of living beings in these transitional zones. Studies have shown that the plurality prevalent in certain conjoined ecosystems generates dynamism and creativity not found in these same environments viewed separately. This ecological phenomenon has also been demonstrated in sociocultural environments.<\/p>\n<p style=\"text-align: justify;\"><span style=\"font-weight: 400;\">With this program, the Chair aims to work with students to ensure that they can thrive on the edge and beyond the digital transformation in the social and cultural spheres. Ultimately, <\/span><i><span style=\"font-weight: 400;\">Edge Dynamics <\/span><\/i><span style=\"font-weight: 400;\">will seek to promote and support all initiatives connected to academic learning, as well as adjacent activities related to student life that contribute to personal growth and the creative potential of one&#8217;s personality. Accordingly, the program aims to support students in exploring and articulating three dimensions of their lives within and outside of UM6P:<\/span><\/p>\n<p><span style=\"font-weight: 400;\"> <img loading=\"lazy\" decoding=\"async\" class=\"wp-image-1559 alignleft\" src=\"https:\/\/cch.um6p.ma\/wp-content\/uploads\/2023\/09\/Logo-Edge-Dynamics-1024x1024.png\" alt=\"\" width=\"149\" height=\"149\" srcset=\"https:\/\/cch.um6p.ma\/wp-content\/uploads\/2023\/09\/Logo-Edge-Dynamics-1024x1024.png 1024w, https:\/\/cch.um6p.ma\/wp-content\/uploads\/2023\/09\/Logo-Edge-Dynamics-300x300.png 300w, https:\/\/cch.um6p.ma\/wp-content\/uploads\/2023\/09\/Logo-Edge-Dynamics-150x150.png 150w, https:\/\/cch.um6p.ma\/wp-content\/uploads\/2023\/09\/Logo-Edge-Dynamics-768x768.png 768w, https:\/\/cch.um6p.ma\/wp-content\/uploads\/2023\/09\/Logo-Edge-Dynamics.png 1080w\" sizes=\"auto, (max-width: 149px) 100vw, 149px\" \/><\/span><\/p>\n<ol>\n<li style=\"font-weight: 400;\" aria-level=\"1\">their relationship with the world: the intercultural dimension<\/li>\n<li style=\"font-weight: 400;\" aria-level=\"1\">their relationship with others: the interpersonal dimension<\/li>\n<li style=\"font-weight: 400;\" aria-level=\"1\">their relationship with themselves: the intrapersonal dimension.&nbsp;<\/li>\n<\/ol>\n<p><span style=\"font-weight: 400;\">Learn more <a href=\"\/wp-content\/uploads\/2023\/09\/Edge_Dynamics_Culture_Mind_Behaviour_ENG.pdf\" target=\"_blank\" rel=\"noopener\"><strong>here<\/strong><\/a>.<br \/>\n<\/span><\/p>\n<hr>\n<p style=\"text-align: center;\"><a id=\"fr\"><\/a> <strong>Dynamiques de lisi\u00e8re<\/strong><br \/>\n<strong>Innovations mentale, comportementale et culturelle<\/strong><\/p>\n<p style=\"text-align: justify;\">Dans le cadre de ses activit\u00e9s, la Chaire vise \u00e0 approfondir les dimensions sp\u00e9cifiquement humaines et sociales de la complexit\u00e9 \u00e0 travers l&#8217;\u00e9mulation et la mise en \u0153uvre d&#8217;approches pluridisciplinaires, de la transversalit\u00e9 et de la pens\u00e9e critique. Notre ambition est d&#8217;accompagner les diff\u00e9rents acteurs de l&#8217;UM6P dans le cadre des processus de transformation et d&#8217;apprentissage en cours. L&#8217;acquisition d&#8217;outils de &#8220;transdisciplinarit\u00e9&#8221; renforcera leur autonomie et leur dotera d&#8217;une culture humaniste et citoyenne.<\/p>\n<p style=\"text-align: justify;\">Dans cet esprit, nous d\u00e9veloppons un programme de sensibilisation aux dynamiques culturelles, mentales et comportementales. L&#8217;initiative pluridisciplinaire, baptis\u00e9e Edge Dynamics, encouragera les \u00e9tudiants \u00e0 exploiter pleinement leur potentiel physique, psychologique et relationnel. En collaboration avec les administrateurs, les \u00e9ducateurs et les chercheurs travaillant sur des projets transdisciplinaires li\u00e9s \u00e0 la vie \u00e9tudiante, notre objectif p\u00e9dagogique est de stimuler non seulement la &#8220;t\u00eate&#8221; et les &#8220;mains&#8221; mais aussi le &#8220;c\u0153ur&#8221;. Notre ambition est \u00e0 la fois de contribuer aux initiatives existantes et de d\u00e9velopper de nouvelles activit\u00e9s qui mettent en avant un ph\u00e9nom\u00e8ne \u00e9mergent sp\u00e9cifique, l&#8217;effet de bord.<\/p>\n<p style=\"text-align: justify;\"><img loading=\"lazy\" decoding=\"async\" class=\"wp-image-1351 alignleft\" src=\"https:\/\/cch.um6p.ma\/wp-content\/uploads\/2023\/09\/Edge-Effect-illustration.png\" alt=\"\" width=\"353\" height=\"284\" srcset=\"https:\/\/cch.um6p.ma\/wp-content\/uploads\/2023\/09\/Edge-Effect-illustration.png 487w, https:\/\/cch.um6p.ma\/wp-content\/uploads\/2023\/09\/Edge-Effect-illustration-300x241.png 300w, https:\/\/cch.um6p.ma\/wp-content\/uploads\/2023\/09\/Edge-Effect-illustration-187x150.png 187w, https:\/\/cch.um6p.ma\/wp-content\/uploads\/2023\/09\/Edge-Effect-illustration-150x120.png 150w\" sizes=\"auto, (max-width: 353px) 100vw, 353px\" \/>L&#8217;effet de bord est un concept d&#8217;\u00e9cologie qui illustre comment le changement et la dynamique se produisent dans les espaces de transition, les fronti\u00e8res, les seuils, entre diff\u00e9rents habitats, environnements, etc. L&#8217;effet de bord explique la multiplicit\u00e9 et la richesse des \u00eatres vivants dans ces zones de transition. Des \u00e9tudes ont montr\u00e9 que la pluralit\u00e9 qui pr\u00e9vaut dans certains \u00e9cosyst\u00e8mes conjoints g\u00e9n\u00e8re un dynamisme et une cr\u00e9ativit\u00e9 que l&#8217;on ne retrouve pas dans ces m\u00eames environnements consid\u00e9r\u00e9s s\u00e9par\u00e9ment. Ce ph\u00e9nom\u00e8ne \u00e9cologique a \u00e9galement \u00e9t\u00e9 d\u00e9montr\u00e9 dans les environnements socioculturels.<\/p>\n<p style=\"text-align: justify;\">Avec ce programme, la Chaire vise \u00e0 travailler avec les \u00e9tudiants afin de s&#8217;assurer qu&#8217;ils puissent s&#8217;\u00e9panouir \u00e0 la pointe et au-del\u00e0 de la transformation num\u00e9rique dans les sph\u00e8res sociales et culturelles. \u00c0 terme, Edge Dynamics cherchera \u00e0 promouvoir et \u00e0 soutenir toutes les initiatives li\u00e9es \u00e0 l&#8217;apprentissage acad\u00e9mique, ainsi que les activit\u00e9s parall\u00e8les li\u00e9es \u00e0 la vie \u00e9tudiante qui contribuent \u00e0 la croissance personnelle et au potentiel cr\u00e9atif de la personnalit\u00e9. En cons\u00e9quence, le programme vise \u00e0 soutenir les \u00e9tudiants dans l&#8217;exploration et l&#8217;articulation de trois dimensions de leur vie \u00e0 l&#8217;int\u00e9rieur et \u00e0 l&#8217;ext\u00e9rieur de l&#8217;UM6P :<\/p>\n<p><span style=\"font-weight: 400;\"><img loading=\"lazy\" decoding=\"async\" class=\"wp-image-1559 alignleft\" src=\"https:\/\/cch.um6p.ma\/wp-content\/uploads\/2023\/09\/Logo-Edge-Dynamics-1024x1024.png\" alt=\"\" width=\"149\" height=\"149\" srcset=\"https:\/\/cch.um6p.ma\/wp-content\/uploads\/2023\/09\/Logo-Edge-Dynamics-1024x1024.png 1024w, https:\/\/cch.um6p.ma\/wp-content\/uploads\/2023\/09\/Logo-Edge-Dynamics-300x300.png 300w, https:\/\/cch.um6p.ma\/wp-content\/uploads\/2023\/09\/Logo-Edge-Dynamics-150x150.png 150w, https:\/\/cch.um6p.ma\/wp-content\/uploads\/2023\/09\/Logo-Edge-Dynamics-768x768.png 768w, https:\/\/cch.um6p.ma\/wp-content\/uploads\/2023\/09\/Logo-Edge-Dynamics.png 1080w\" sizes=\"auto, (max-width: 149px) 100vw, 149px\" \/><\/span><\/p>\n<ol>\n<li>Leur relation avec le monde : la dimension interculturelle<\/li>\n<li>Leur relation avec les autres : la dimension interpersonnelle<\/li>\n<li>Leur relation avec eux-m\u00eames : la dimension intrapersonnelle<\/li>\n<\/ol>\n<p>\nPour en savoir plus, cliquer <a href=\"https:\/\/cch.um6p.ma\/wp-content\/uploads\/2023\/11\/Edge_Dynamics_Culture_Mind_Behaviour_FR.pdf\"><strong>ici<\/strong><\/a> &nbsp;<\/p>\n<hr>\n<p dir=\"rtl\" style=\"text-align: center;\">\u200e<span style=\"font-family: Thabit, sans-serif;\"><span lang=\"AR-SA\"><a id=\"ar\"><\/a><strong>\u062f\u064a\u0646\u0627\u0645\u064a\u0627\u062a \u0627\u0644\u062d\u0627\u0641\u0629<\/strong><br \/>\n<strong>\u0627\u0644\u0627\u0628\u062a\u0643\u0627\u0631\u0627\u062a \u0641\u064a \u0627\u0644\u0639\u0642\u0644\u060c \u0627\u0644\u0633\u0644\u0648\u0643\u060c \u0648\u0627\u0644\u062b\u0642\u0627\u0641\u0629<\/strong><\/span><\/span><\/p>\n<p dir=\"rtl\" style=\"text-align: justify;\"><span style=\"font-family: Thabit, sans-serif;\"><span lang=\"AR-SA\">\u0643\u062c\u0632\u0621 \u0645\u0646 \u0623\u0646\u0634\u0637\u062a\u0647\u060c \u064a\u0647\u062f\u0641 \u0627\u0644\u0643\u0631\u0633\u064a \u0625\u0644\u0649 \u062a\u0639\u0645\u064a\u0642 \u0627\u0644\u0623\u0628\u0639\u0627\u062f \u0627\u0644\u0625\u0646\u0633\u0627\u0646\u064a\u0629 \u0648\u0627\u0644\u0627\u062c\u062a\u0645\u0627\u0639\u064a\u0629 \u0644\u0644\u062a\u0639\u0642\u064a\u062f \u0645\u0646 \u062e\u0644\u0627\u0644 \u0645\u062d\u0627\u0643\u0627\u0629 \u0648\u062a\u0646\u0641\u064a\u0630 \u0645\u0646\u0627\u0647\u062c \u0645\u062a\u0639\u062f\u062f\u0629 \u0627\u0644\u062a\u062e\u0635\u0635\u0627\u062a \u0644\u0644\u062a\u0642\u0627\u0637\u0639 \u0648\u0627\u0644\u062a\u0641\u0643\u064a\u0631 \u0627\u0644\u0646\u0642\u062f\u064a. \u0637\u0645\u0648\u062d\u0646\u0627 \u0647\u0648 \u062f\u0639\u0645 \u0645\u062e\u062a\u0644\u0641 \u0627\u0644\u062c\u0647\u0627\u062a \u0627\u0644\u0641\u0627\u0639\u0644\u0629 \u0641\u064a \u062c\u0627\u0645\u0639\u0629 \u0645\u062d\u0645\u062f \u0627\u0644\u0633\u0627\u062f\u0633 \u0645\u062a\u0639\u062f\u062f\u0629 \u0627\u0644\u062a\u062e\u0635\u0635\u0627\u062a \u0643\u062c\u0632\u0621 \u0645\u0646 \u0639\u0645\u0644\u064a\u0629 \u0627\u0644\u062a\u0639\u0644\u0645 \u0627\u0644\u0645\u0633\u062a\u0645\u0631\u0629. \u0625\u0646 \u0627\u0643\u062a\u0633\u0627\u0628 \u0623\u062f\u0648\u0627\u062a &#8220;\u0627\u0644\u062a\u062c\u0627\u0648\u0632 \u0627\u0644\u0645\u0646\u0647\u062c\u064a&#8221; \u0633\u064a\u0639\u0632\u0632 \u0627\u0633\u062a\u0642\u0644\u0627\u0644\u064a\u062a\u0647\u0645 \u0648\u064a\u0632\u0648\u062f\u0647\u0645 \u0628\u062b\u0642\u0627\u0641\u0629 \u0625\u0646\u0633\u0627\u0646\u064a\u0629 \u0648\u0645\u062f\u0646\u064a\u0629.<\/span><\/span><\/p>\n<p dir=\"rtl\" style=\"text-align: right;\"><span style=\"font-family: Thabit, sans-serif;\"><span lang=\"AR-SA\">\u200e&nbsp;\u200e\u0648\u0645\u0646 \u0647\u0630\u0627 \u0627\u0644\u0645\u0646\u0637\u0644\u0642\u060c \u0642\u0645\u0646\u0627 \u0628\u062a\u0637\u0648\u064a\u0631 \u0628\u0631\u0646\u0627\u0645\u062c \u0644\u0631\u0641\u0639 \u0645\u0633\u062a\u0648\u0649 \u0627\u0644\u0648\u0639\u064a \u0628\u0627\u0644\u062f\u064a\u0646\u0627\u0645\u064a\u0643\u064a\u0627\u062a \u0627\u0644\u062b\u0642\u0627\u0641\u064a\u0629 \u0648\u0627\u0644\u0639\u0642\u0644\u064a\u0629 \u0648\u0627\u0644\u0633\u0644\u0648\u0643\u064a\u0629. \u0633\u062a\u0634\u062c\u0639 \u0627\u0644\u0645\u0628\u0627\u062f\u0631\u0629 \u0645\u062a\u0639\u062f\u062f\u0629 \u0627\u0644\u062a\u062e\u0635\u0635\u0627\u062a\u060c \u0648\u0627\u0644\u062a\u064a \u062a\u0633\u0645\u0649&nbsp;<em>\u00abEdge<\/em><em> Dynamics\u00bb<\/em> \u060c \u0627\u0644\u0637\u0644\u0627\u0628 \u0639\u0644\u0649 \u0627\u0633\u062a\u063a\u0644\u0627\u0644 \u0625\u0645\u0643\u0627\u0646\u0627\u062a\u0647\u0645 \u0627\u0644\u062c\u0633\u062f\u064a\u0629 \u0648\u0627\u0644\u0646\u0641\u0633\u064a\u0629 \u0648\u0627\u0644\u0639\u0644\u0627\u0626\u0642\u064a\u0629 \u0628\u0634\u0643\u0644 \u0643\u0627\u0645\u0644. \u0628\u0627\u0644\u062a\u0639\u0627\u0648\u0646 \u0645\u0639 \u0627\u0644\u0625\u062f\u0627\u0631\u064a\u064a\u0646 \u0648\u0627\u0644\u0645\u0639\u0644\u0645\u064a\u0646 \u0648\u0627\u0644\u0628\u0627\u062d\u062b\u064a\u0646 \u0627\u0644\u0639\u0627\u0645\u0644\u064a\u0646 \u0641\u064a \u0645\u0634\u0627\u0631\u064a\u0639 \u0645\u062a\u0639\u062f\u062f\u0629 \u0627\u0644\u062a\u062e\u0635\u0635\u0627\u062a \u062a\u062a\u0639\u0644\u0642 \u0628\u0627\u0644\u062d\u064a\u0627\u0629 \u0627\u0644\u0637\u0644\u0627\u0628\u064a\u0629\u060c \u0647\u062f\u0641\u0646\u0627 \u0627\u0644\u062a\u0639\u0644\u064a\u0645\u064a \u0644\u064a\u0633 \u0641\u0642\u0637 \u062a\u062d\u0641\u064a\u0632 &#8220;\u0627\u0644\u0631\u0623\u0633&#8221; \u0648&#8221;\u0627\u0644\u0623\u064a\u062f\u064a&#8221; \u0648\u0644\u0643\u0646 \u0623\u064a\u0636\u064b\u0627 &#8220;\u0627\u0644\u0642\u0644\u0628&#8221;. \u0637\u0645\u0648\u062d\u0646\u0627 \u0647\u0648 \u0641\u064a \u0646\u0641\u0633 \u0627\u0644\u0648\u0642\u062a \u0627\u0644\u0645\u0633\u0627\u0647\u0645\u0629 \u0641\u064a \u0627\u0644\u0645\u0628\u0627\u062f\u0631\u0627\u062a \u0627\u0644\u062d\u0627\u0644\u064a\u0629 \u0648\u062a\u0637\u0648\u064a\u0631 \u0623\u0646\u0634\u0637\u0629 \u062c\u062f\u064a\u062f\u0629 \u062a\u0633\u0644\u0637 \u0627\u0644\u0636\u0648\u0621 \u0639\u0644\u0649 \u0638\u0627\u0647\u0631\u0629 \u0646\u0627\u0634\u0626\u0629 \u0645\u062d\u062f\u062f\u0629\u060c \u0648\u0647\u064a \u0627\u0644\u0622\u062b\u0627\u0631 \u0627\u0644\u062c\u0627\u0646\u0628\u064a\u0629.<\/span><\/span><\/p>\n<p dir=\"rtl\" style=\"text-align: right;\"><span style=\"font-family: Thabit, sans-serif;\"><span lang=\"AR-SA\">\u200e <img loading=\"lazy\" decoding=\"async\" class=\"wp-image-1351 alignright\" src=\"https:\/\/cch.um6p.ma\/wp-content\/uploads\/2023\/09\/Edge-Effect-illustration.png\" alt=\"\" width=\"353\" height=\"284\" srcset=\"https:\/\/cch.um6p.ma\/wp-content\/uploads\/2023\/09\/Edge-Effect-illustration.png 487w, https:\/\/cch.um6p.ma\/wp-content\/uploads\/2023\/09\/Edge-Effect-illustration-300x241.png 300w, https:\/\/cch.um6p.ma\/wp-content\/uploads\/2023\/09\/Edge-Effect-illustration-187x150.png 187w, https:\/\/cch.um6p.ma\/wp-content\/uploads\/2023\/09\/Edge-Effect-illustration-150x120.png 150w\" sizes=\"auto, (max-width: 353px) 100vw, 353px\" \/>\u200e\u062a\u0623\u062b\u064a\u0631 \u0627\u0644\u062d\u0627\u0641\u0629 \u0647\u0648 \u0645\u0641\u0647\u0648\u0645 \u0641\u064a \u0639\u0644\u0645 \u0627\u0644\u0628\u064a\u0626\u0629 \u064a\u0648\u0636\u062d \u0643\u064a\u0641\u064a\u0629 \u062d\u062f\u0648\u062b \u0627\u0644\u062a\u063a\u064a\u064a\u0631 \u0648\u0627\u0644\u062f\u064a\u0646\u0627\u0645\u064a\u0643\u064a\u0627\u062a \u0641\u064a \u0627\u0644\u0645\u0633\u0627\u062d\u0627\u062a \u0627\u0644\u0627\u0646\u062a\u0642\u0627\u0644\u064a\u0629\u060c \u0648\u0627\u0644\u062d\u062f\u0648\u062f\u060c \u0648\u0627\u0644\u0639\u062a\u0628\u0627\u062a\u060c \u0628\u064a\u0646 \u0627\u0644\u0645\u0648\u0627\u0626\u0644 \u0648\u0627\u0644\u0628\u064a\u0626\u0627\u062a \u0627\u0644\u0645\u062e\u062a\u0644\u0641\u0629\u060c \u0648\u0645\u0627 \u0625\u0644\u0649 \u0630\u0644\u0643. \u064a\u0634\u0631\u062d \u062a\u0623\u062b\u064a\u0631 \u0627\u0644\u062d\u0627\u0641\u0629 \u062a\u0639\u062f\u062f \u0648\u062b\u0631\u0627\u0621 \u0627\u0644\u0643\u0627\u0626\u0646\u0627\u062a \u0627\u0644\u062d\u064a\u0629 \u0641\u064a \u0647\u0630\u0647 \u0627\u0644\u0645\u0646\u0627\u0637\u0642 \u0627\u0644\u0627\u0646\u062a\u0642\u0627\u0644\u064a\u0629. \u0648\u0642\u062f \u0623\u0638\u0647\u0631\u062a \u0627\u0644\u062f\u0631\u0627\u0633\u0627\u062a \u0623\u0646 \u0627\u0644\u062a\u0639\u062f\u062f\u064a\u0629 \u0627\u0644\u0633\u0627\u0626\u062f\u0629 \u0641\u064a \u0628\u0639\u0636 \u0627\u0644\u0646\u0638\u0645 \u0627\u0644\u0628\u064a\u0626\u064a\u0629 \u0627\u0644\u0645\u0634\u062a\u0631\u0643\u0629 \u062a\u0648\u0644\u062f \u062f\u064a\u0646\u0627\u0645\u064a\u0643\u064a\u0629 \u0648\u0625\u0628\u062f\u0627\u0639\u0627 \u0644\u0627 \u064a\u0648\u062c\u062f \u0641\u064a \u0646\u0641\u0633 \u0647\u0630\u0647 \u0627\u0644\u0628\u064a\u0626\u0627\u062a \u0625\u0630\u0627 \u0646\u0638\u0631\u0646\u0627 \u0625\u0644\u064a\u0647\u0627 \u0628\u0634\u0643\u0644 \u0645\u0646\u0641\u0635\u0644. \u0648\u0642\u062f \u062a\u062c\u0644\u062a \u0647\u0630\u0647 \u0627\u0644\u0638\u0627\u0647\u0631\u0629 \u0627\u0644\u0628\u064a\u0626\u064a\u0629 \u0623\u064a\u0636\u064b\u0627 \u0641\u064a \u0627\u0644\u0628\u064a\u0626\u0627\u062a \u0627\u0644\u0627\u062c\u062a\u0645\u0627\u0639\u064a\u0629 \u0648\u0627\u0644\u062b\u0642\u0627\u0641\u064a\u0629.<\/span><\/span><\/p>\n<p dir=\"rtl\" style=\"text-align: right;\"><span style=\"font-family: Thabit, sans-serif;\"><span lang=\"AR-SA\">\u200e\u200e\u0645\u0646 \u062e\u0644\u0627\u0644 \u0647\u0630\u0627 \u0627\u0644\u0628\u0631\u0646\u0627\u0645\u062c\u060c \u064a\u0647\u062f\u0641 \u0627\u0644\u0643\u0631\u0633\u064a \u0625\u0644\u0649 \u0627\u0644\u0639\u0645\u0644 \u0645\u0639 \u0627\u0644\u0637\u0644\u0627\u0628 \u0644\u0636\u0645\u0627\u0646 \u0642\u062f\u0631\u062a\u0647\u0645 \u0639\u0644\u0649 \u0645\u0648\u0627\u0643\u0628\u0629 \u0627\u0644\u062a\u062d\u0648\u0644 \u0627\u0644\u0631\u0642\u0645\u064a \u0641\u064a \u0627\u0644\u0645\u062c\u0627\u0644\u0627\u062a \u0627\u0644\u0627\u062c\u062a\u0645\u0627\u0639\u064a\u0629 \u0648\u0627\u0644\u062b\u0642\u0627\u0641\u064a\u0629 \u0648\u0645\u0627 \u0628\u0639\u062f\u0647. \u0641\u064a \u0646\u0647\u0627\u064a\u0629 \u0627\u0644\u0645\u0637\u0627\u0641\u060c \u0633\u062a\u0633\u0639\u0649<em> \u00abEdge Dynamics\u00bb<\/em> \u0625\u0644\u0649 \u062a\u0639\u0632\u064a\u0632 \u0648\u062f\u0639\u0645 \u062c\u0645\u064a\u0639 \u0627\u0644\u0645\u0628\u0627\u062f\u0631\u0627\u062a \u0627\u0644\u0645\u062a\u0639\u0644\u0642\u0629 \u0628\u0627\u0644\u062a\u0639\u0644\u0645 \u0627\u0644\u0623\u0643\u0627\u062f\u064a\u0645\u064a\u060c \u0628\u0627\u0644\u0625\u0636\u0627\u0641\u0629 \u0625\u0644\u0649 \u0627\u0644\u0623\u0646\u0634\u0637\u0629 \u0627\u0644\u0645\u0648\u0627\u0632\u064a\u0629 \u0627\u0644\u0645\u062a\u0639\u0644\u0642\u0629 \u0628\u0627\u0644\u062d\u064a\u0627\u0629 \u0627\u0644\u0637\u0644\u0627\u0628\u064a\u0629 \u0627\u0644\u062a\u064a \u062a\u0633\u0627\u0647\u0645 \u0641\u064a \u0627\u0644\u0646\u0645\u0648 \u0627\u0644\u0634\u062e\u0635\u064a \u0648\u0627\u0644\u0625\u0645\u0643\u0627\u0646\u0627\u062a \u0627\u0644\u0625\u0628\u062f\u0627\u0639\u064a\u0629 . \u0648\u0628\u0646\u0627\u0621 \u0639\u0644\u0649 \u0630\u0644\u0643\u060c \u064a\u0647\u062f\u0641 \u0627\u0644\u0628\u0631\u0646\u0627\u0645\u062c \u0625\u0644\u0649 \u062f\u0639\u0645 \u0627\u0644\u0637\u0644\u0627\u0628 \u0641\u064a \u0627\u0633\u062a\u0643\u0634\u0627\u0641 \u0648\u062a\u0648\u0636\u064a\u062d \u062b\u0644\u0627\u062b\u0629 \u0623\u0628\u0639\u0627\u062f \u0644\u062d\u064a\u0627\u062a\u0647\u0645 \u062f\u0627\u062e\u0644 \u0648\u062e\u0627\u0631\u062c \u062c\u0627\u0645\u0639\u0629 \u0645\u062d\u0645\u062f \u0627\u0644\u0633\u0627\u062f\u0633:<\/p>\n<p><\/span><\/span><\/p>\n<p dir=\"rtl\"><span style=\"font-family: Thabit, sans-serif;\"><span lang=\"AR-SA\"><img loading=\"lazy\" decoding=\"async\" class=\"wp-image-1559 alignright\" src=\"https:\/\/cch.um6p.ma\/wp-content\/uploads\/2023\/09\/Logo-Edge-Dynamics-1024x1024.png\" alt=\"\" width=\"149\" height=\"149\" srcset=\"https:\/\/cch.um6p.ma\/wp-content\/uploads\/2023\/09\/Logo-Edge-Dynamics-1024x1024.png 1024w, https:\/\/cch.um6p.ma\/wp-content\/uploads\/2023\/09\/Logo-Edge-Dynamics-300x300.png 300w, https:\/\/cch.um6p.ma\/wp-content\/uploads\/2023\/09\/Logo-Edge-Dynamics-150x150.png 150w, https:\/\/cch.um6p.ma\/wp-content\/uploads\/2023\/09\/Logo-Edge-Dynamics-768x768.png 768w, https:\/\/cch.um6p.ma\/wp-content\/uploads\/2023\/09\/Logo-Edge-Dynamics.png 1080w\" sizes=\"auto, (max-width: 149px) 100vw, 149px\" \/><\/span><\/span><\/p>\n<ul dir=\"rtl\">\n<li style=\"text-align: right;\"><span style=\"font-family: Thabit, sans-serif;\"><span lang=\"AR-SA\">\u0639\u0644\u0627\u0642\u062a\u0647\u0645 \u0628\u0627\u0644\u0639\u0627\u0644\u0645: \u0627\u0644\u0628\u0639\u062f \u0627\u0644\u062b\u0642\u0627\u0641\u064a<\/span><\/span><\/li>\n<li style=\"text-align: right;\"><span style=\"font-family: Thabit, sans-serif;\"><span lang=\"AR-SA\">\u0639\u0644\u0627\u0642\u062a\u0647\u0645 \u0628\u0627\u0644\u0622\u062e\u0631\u064a\u0646: \u0627\u0644\u0628\u0639\u062f \u0628\u064a\u0646 \u0627\u0644\u0623\u0641\u0631\u0627\u062f<\/span><\/span><\/li>\n<li style=\"text-align: right;\"><span style=\"font-family: Thabit, sans-serif;\"><span lang=\"AR-SA\"><strong>\u200e<\/strong>\u0639\u0644\u0627\u0642\u062a\u0647\u0645 \u0645\u0639 \u0623\u0646\u0641\u0633\u0647\u0645: \u0627\u0644\u0628\u0639\u062f \u0627\u0644\u0634\u062e\u0635\u064a<\/span><\/span><\/li>\n<\/ul>\n<p style=\"text-align: right;\"><span lang=\"AR-SA\"><span style=\"font-family: Thabit, sans-serif;\">\u0644\u0645\u0639\u0631\u0641\u0629 \u0627\u0644\u0645\u0632\u064a\u062f\u060c \u0627\u0646\u0642\u0631 <strong><a href=\"https:\/\/cch.um6p.ma\/wp-content\/uploads\/2023\/11\/Edge_Dynamics_Culture_Mind_Behaviour_AR.pdf\">\u0647\u0646\u0627<\/a><\/strong><\/span><\/span><\/p>\n","protected":false},"excerpt":{"rendered":"<p>Edge Dynamics Innovations in Mind, Behaviour, and Culture As part of its activities, the Chair aims to deepen the specifically human and social dimensions of complexity through emulation and implementation of multidisciplinary approaches, transversality, and critical thinking. Our ambition is to support the various stakeholders of UM6P in the context\u2026 <a class=\"continue-reading-link\" href=\"https:\/\/cch.um6p.ma\/?page_id=1345\">Lire plus \/ Read more<\/a><\/p>\n","protected":false},"author":1,"featured_media":0,"parent":1615,"menu_order":3,"comment_status":"closed","ping_status":"closed","template":"","meta":{"om_disable_all_campaigns":false,"_monsterinsights_skip_tracking":false,"_monsterinsights_sitenote_active":false,"_monsterinsights_sitenote_note":"","_monsterinsights_sitenote_category":0,"ngg_post_thumbnail":0,"footnotes":""},"categories":[],"tags":[],"class_list":["post-1345","page","type-page","status-publish","hentry"],"aioseo_notices":[],"_links":{"self":[{"href":"https:\/\/cch.um6p.ma\/index.php?rest_route=\/wp\/v2\/pages\/1345","targetHints":{"allow":["GET"]}}],"collection":[{"href":"https:\/\/cch.um6p.ma\/index.php?rest_route=\/wp\/v2\/pages"}],"about":[{"href":"https:\/\/cch.um6p.ma\/index.php?rest_route=\/wp\/v2\/types\/page"}],"author":[{"embeddable":true,"href":"https:\/\/cch.um6p.ma\/index.php?rest_route=\/wp\/v2\/users\/1"}],"replies":[{"embeddable":true,"href":"https:\/\/cch.um6p.ma\/index.php?rest_route=%2Fwp%2Fv2%2Fcomments&post=1345"}],"version-history":[{"count":34,"href":"https:\/\/cch.um6p.ma\/index.php?rest_route=\/wp\/v2\/pages\/1345\/revisions"}],"predecessor-version":[{"id":2704,"href":"https:\/\/cch.um6p.ma\/index.php?rest_route=\/wp\/v2\/pages\/1345\/revisions\/2704"}],"up":[{"embeddable":true,"href":"https:\/\/cch.um6p.ma\/index.php?rest_route=\/wp\/v2\/pages\/1615"}],"wp:attachment":[{"href":"https:\/\/cch.um6p.ma\/index.php?rest_route=%2Fwp%2Fv2%2Fmedia&parent=1345"}],"wp:term":[{"taxonomy":"category","embeddable":true,"href":"https:\/\/cch.um6p.ma\/index.php?rest_route=%2Fwp%2Fv2%2Fcategories&post=1345"},{"taxonomy":"post_tag","embeddable":true,"href":"https:\/\/cch.um6p.ma\/index.php?rest_route=%2Fwp%2Fv2%2Ftags&post=1345"}],"curies":[{"name":"wp","href":"https:\/\/api.w.org\/{rel}","templated":true}]}}